- j*m - 17, 2*m + 10 = 2*t + m. What are the prime factors of t?
3
Suppose 5*y - 45 = -10. Let x(z) = z - 1. List the prime factors of x(y).
2, 3
Suppose 0 = -2*t + 5*l + 47, 4*t - 2*l + l - 49 = 0. Let i = 18 - t. List the prime factors of i.
7
Suppose -114 + 6 = -3*t. Suppose 3*j = -j + t. What are the prime factors of j?
3
List the prime factors of (-255)/4*(-8)/12*6.
3, 5, 17
Suppose 4*j = 3*o - 32, -j + 13 = -3*o - 6*j. Suppose 5*k = o*s + 126 - 14, s = 4*k - 83. List the prime factors of k.
2, 5
Let k(q) = 0*q + q - 1 + q - 6. List the prime factors of k(5).
3
Suppose -6*i + 421 = 43. What are the prime factors of i?
3, 7
Suppose -f + 3*a = -a - 24, -f + 3*a = -26. Suppose -4*k + 2*k + f = 0. List the prime factors of k.
2
Let l be (-8)/(-3) + 1/3. Suppose 0 = -3*q + 2*q - 4*x + 19, 16 = 2*q - l*x. What are the prime factors of q?
11
What are the prime factors of -18*(-2)/(-10)*230/(-3)?
2, 3, 23
Suppose -6*u - 17 = 19. Let i = u - -14. What are the prime factors of i?
2
Suppose 0 = -8*a + 7*a + 59. What are the prime factors of a?
59
List the prime factors of (-24)/(-42) - 580/(-14).
2, 3, 7
Let q = -9 - -12. Suppose t - 2*t + q = 0, p + t = 27. What are the prime factors of p?
2, 3
Suppose -75 = -3*s + 24. List the prime factors of s.
3, 11
Let t(q) be the second derivative of q**5/20 + 5*q**4/6 + 3*q**2/2 - q. What are the prime factors of t(-10)?
3
Let v(n) = -5*n**3 + 6*n. Let r be v(3). Let g = -79 - r. What are the prime factors of g?
2, 19
Let d(k) = 3*k**2 + 6*k + 3. Let l be d(-5). Suppose -q + l = 10. Suppose -c + 3*y = -29, 3*c - 2*y - q = c. List the prime factors of c.
2, 7
Let l = 23 - -13. What are the prime factors of l?
2, 3
Let v = 26 + -18. Suppose -2*s + v = 4. Suppose -10 = -4*w - s. List the prime factors of w.
2
Suppose -h + 5*h + 24 = 0. Let k(x) = 4*x - 19. Let n(z) = -z + 1. Let s(t) = -k(t) - 5*n(t). What are the prime factors of s(h)?
2
Let s(m) = -m**2 - 11*m + 12. Suppose -5*v - 2 = 2*d - 82, 0 = -4*v - 2*d + 66. Let l be 4/v + 158/(-14). List the prime factors of s(l).
2, 3
Let d = 10 - 27. Let k = d - -24. List the prime factors of k.
7
Let g(b) = b**2 - 4*b - 3. Let i be (1/(-1))/((-2)/(-6)). What are the prime factors of g(i)?
2, 3
Suppose -11*l = -0*l - 748. List the prime factors of l.
2, 17
Let f be 4/6*(-6)/4. Let y(g) = -g**2 + 11*g - 25. Let j be y(8). List the prime factors of f - (-16 - j)*1.
2, 7
Let o be -2*-1*(-22)/(-4). Suppose -2*t + 2*p = -70, -2*t + 109 = 5*p + o. Suppose -t = -2*w - w. List the prime factors of w.
13
Let o = -2 + 6. Suppose o*l = 42 + 38. List the prime factors of l.
2, 5
Let i(m) be the first derivative of m**4/4 - 8*m**3/3 + 9*m**2/2 - 2*m - 2. Let j be i(7). Suppose j = d - o, 4*o + 11 = d - 4. What are the prime factors of d?
11
Suppose -4*o = -6*o + 550. List the prime factors of o.
5, 11
Let x = 12 + -4. List the prime factors of x.
2
Let b(t) = -7*t + 10. Let m(a) = 3*a - 5. Let n(z) = -2*b(z) - 5*m(z). List the prime factors of n(0).
5
Let h be -4 - -3 - (6 + 0). Let q be 14/49 - (-65)/h. What are the prime factors of ((-12)/q)/((-6)/(-63))?
2, 7
Let s(n) = 2*n + 12. Let p be s(-8). Let w(t) be the first derivative of -t**2 + 1. What are the prime factors of w(p)?
2
Let k(i) = 69*i**2 - i. List the prime factors of k(-1).
2, 5, 7
Let g(v) be the first derivative of v**3/3 - 3*v**2/2 - 7*v + 2. List the prime factors of g(7).
3, 7
Let c(g) be the third derivative of -1/6*g**3 + 1/30*g**5 - 3*g**2 + 0 + 0*g**4 - 11/120*g**6 + 0*g. List the prime factors of c(-1).
2, 3
Let l(x) = 2*x**2 + x - 1. Let m be l(2). What are the prime factors of 176/12 - 6/m?
2, 7
Suppose -4*c + 2*l + 98 = 0, 3*c + 92 = 7*c + 4*l. List the prime factors of c.
2, 3
Let y(h) = -h**2 + 7*h + 10. Let c be y(9). Let o = 23 + c. What are the prime factors of o?
3, 5
Let k = -137 + 210. List the prime factors of k.
73
Let i be (-2 - -1)*46/2. Let k = i - -34. What are the prime factors of k?
11
List the prime factors of ((-69)/(-12) - 4)*(2 + 2).
7
List the prime factors of (-20)/(-8)*(0 + 6).
3, 5
Let j(z) = 79*z**2 + 4*z - 1. List the prime factors of j(1).
2, 41
Let n = -17 - -44. What are the prime factors of n?
3
Suppose 2*b - 7*b = 45. Let v(t) = 7*t - 5. Let p(f) = -3*f + 2. Let q(u) = 5*p(u) + 2*v(u). List the prime factors of q(b).
3
Let p(t) = -6*t - 25. What are the prime factors of p(-11)?
41
Suppose -x = 3*l - 2*x - 282, -4*x = 0. What are the prime factors of l?
2, 47
Suppose -4*t + 81 = -143. What are the prime factors of (-2 - -1)/((-4)/t)?
2, 7
Let l(c) = c + 2. Let n be l(-7). Let t = n + 22. Let o = t + -7. List the prime factors of o.
2, 5
Let a be -1 + 0/(2 + -5). Let z(m) = 47*m**2 - 3*m - 2. What are the prime factors of z(a)?
2, 3
Let k = -3 + 6. Suppose 4*p = p + k*v + 42, -62 = -4*p + v. List the prime factors of p.
2
Suppose 12*m = 5*m + 161. List the prime factors of m.
23
Suppose -4*d - 4*x + 744 = 0, -4*d + 780 = -5*x - 0*x. List the prime factors of d.
2, 5, 19
Let n = -203 + 383. What are the prime factors of n?
2, 3, 5
Let v(o) = -o**2 + 11*o + 1. Suppose -5*h + w - 3*w = -31, 6 = 2*w. What are the prime factors of v(h)?
31
Suppose -3*i - 4*l = -5, 2*l = -i - l. Suppose -2*u = -r - 12, -i*u - 3*r + 28 = -8. What are the prime factors of u?
2
Suppose 3*n = 3*j + 36, 0 = 3*j + n + 4*n + 12. Let a(p) = p**2 + 6*p - 9. What are the prime factors of a(j)?
2, 3
Suppose 4*s - 85 = -h, -s + 0*h = 2*h - 16. Suppose -5*m + 73 = -s. What are the prime factors of m?
19
Let j be (1/(-3))/((-6)/36). List the prime factors of (11/j)/((-1)/(-2)).
11
Let q be 9/(-1 + 2) - 0. Suppose i + q = 4*h, -i = 3*i - h - 9. List the prime factors of i.
3
Let u = -2 + 8. Suppose z - u - 11 = 0. List the prime factors of z.
17
Let x = -9 + 5. Let l = -1 - x. Let y = -1 + l. List the prime factors of y.
2
Suppose -4*w - w = -655. What are the prime factors of w?
131
Suppose -9 - 11 = 4*k. Let b(r) = -2*r + 1. List the prime factors of b(k).
11
Suppose 0 = 5*t - 177 + 7. Suppose 3*b + 4 = t. List the prime factors of b.
2, 5
Let i(t) = -t - 1. Let u be i(-4). List the prime factors of -9*(2/u + -1).
3
List the prime factors of 2 + 93 + 8 + -8.
5, 19
Suppose -4*s - i + 1 = 0, -i = 3*s + 3*i - 17. Let b be (-213)/(-6) + s/(-2). List the prime factors of 8/b + (-79)/(-9).
3
Let a = 6 - -1. Let s = -3 + a. Suppose -o + 29 = d + s*o, 0 = o - 4. What are the prime factors of d?
3
Let u = 138 + -77. What are the prime factors of u?
61
Let c(t) = -5*t - 9. Let g be c(-7). Suppose s - 12 - 6 = -2*z, 0 = 4*z - 3*s - g. List the prime factors of z.
2
Let l = -4 + -9. List the prime factors of 3 + -1 + (2 - l).
17
Suppose 7 = -2*g + 1. What are the prime factors of g*(2 + -4) - -2?
2
Let q(l) = l**3 + 5*l**2 - 16*l. List the prime factors of q(-7).
2, 7
Suppose -2*d + 38 = -3*x + 756, 2*x - 470 = -3*d. What are the prime factors of x?
2, 7, 17
Let m(y) = -y**2 + 19*y - 1. List the prime factors of m(13).
7, 11
Let o = 66 - 44. List the prime factors of o.
2, 11
Let r = 3 - 8. Let k = -2 - r. Suppose -3*d + m + 13 = 0, k*d + d - 14 = 3*m. List the prime factors of d.
5
Let k = 0 + 0. Suppose 3*o - 4 = -2*x - k*o, -5*x + o = -27. What are the prime factors of x?
5
Suppose -k = 4*r - r - 4, 0 = 3*r - 2*k - 10. Let g(q) = -18*q - 3. Let h be g(-2). Suppose r*j - 4 = 2, 3*j - h = -4*i. What are the prime factors of i?
2, 3
Let x be (1 + -1)*(-1 + 0). Suppose x*p - 2*p + 2 = 0. What are the prime factors of (9 - p)/(-2 - -3)?
2
Let m = 1 - 0. Suppose 0 = -2*u - 13 - m. List the prime factors of (4 + -2)*-1 - u.
5
List the prime factors of 3 - 5/(-5) - -45.
7
Suppose t - 40 = v, -4*t + 155 = -7*v + 4*v. What are the prime factors of t?
5, 7
Let j(n) = 23*n**3 - 4*n**2 + 2*n - 1. Let t(y) = 24*y**3 - 5*y**2 + 3*y - 2. Let k(g) = 3*j(g) - 2*t(g). Let b be k(1). List the prime factors of b*-1*(-2)/4.
2, 5
Suppose -4*y + z + 146 = 0, 4*y + 5*z + 39 = 173. List the prime factors of y.
2, 3
Let z(j) = -j**3 + 7*j**2 + j - 10. Let i be z(7). Let k = 0 - i. List the prime factors of k.
3
Let o(z) be the third derivative of -z**5/60 - z**4/4 - z**3/6 + 2*z**2. List the prime factors of o(-5).
2
Let r be (4/(-6))/((-1)/(-6)). Let k = r - -10. What are the prime factors of k?
2, 3
Suppose r + 4*q = q + 120, 0 = q + 5. 